{"id":175,"date":"2020-09-17T22:10:56","date_gmt":"2020-09-17T20:10:56","guid":{"rendered":"https:\/\/fromagerie.maison-cardinet.com\/voiron\/boutique\/non%20class\u00e9\/fondue-a-leau\/"},"modified":"2024-12-13T00:31:01","modified_gmt":"2024-12-12T23:31:01","slug":"fondue-a-leau","status":"publish","type":"product","link":"https:\/\/fromagerie.maison-cardinet.com\/voiron\/produit\/fondue-a-leau\/","title":{"rendered":"Fondue \u00e0 l&rsquo;eau"},"content":{"rendered":"<p>Envie de go\u00fbter une <strong>Fondue \u00e0 l&rsquo;eau<\/strong>, \u00e9galement appel\u00e9e <strong>Fondue fribourgeoise<\/strong> ?<\/p>\n<p>Une \u00e9tonnante et d\u00e9licieuse fondue avec du <strong>Vacherin fribourgeois<\/strong> et de l&rsquo;<strong>eau<\/strong> !<\/p>\n<p>Bien s\u00fbr, nos <strong>fromages \u00e0 fondue<\/strong> sont livr\u00e9s <strong>r\u00e2p\u00e9s<\/strong> !<\/p>\n<p>La <strong>fondue<\/strong> est un <strong>plat convivial<\/strong> par excellence, id\u00e9al pendant la saison froide (mais rien n\u2019interdit de d\u00e9guster une bonne fondue toute l\u2019ann\u00e9e !)<\/p>\n","protected":false},"excerpt":{"rendered":"<p>Une <strong>\u00e9tonnante<\/strong> et <strong>d\u00e9licieuse<\/strong> <strong>fondue<\/strong> avec du <strong>Vacherin fribourgeois<\/strong> et de l&rsquo;<strong>eau<\/strong> !<\/p>\n","protected":false},"featured_media":176,"template":"","meta":[],"product_brand":[],"product_cat":[44],"product_tag":[112,121,144,118,113,122,145,116,117],"class_list":{"0":"post-175","1":"product","2":"type-product","3":"status-publish","4":"has-post-thumbnail","6":"product_cat-fondues","7":"product_tag-fondue","8":"product_tag-fondue-a-leau","9":"product_tag-fondue-a-leau-a-voiron","10":"product_tag-fondue-a-voiron","11":"product_tag-fondue-en-ligne","12":"product_tag-fondue-fribourgeoise","13":"product_tag-fondue-fribourgeoise-a-voiron","14":"product_tag-soiree-fondue","15":"product_tag-vacherin-fribourgeois","17":"first","18":"instock","19":"shipping-taxable","20":"purchasable","21":"product-type-simple"},"aioseo_notices":[],"_links":{"self":[{"href":"https:\/\/fromagerie.maison-cardinet.com\/voiron\/wp-json\/wp\/v2\/product\/175","targetHints":{"allow":["GET"]}}],"collection":[{"href":"https:\/\/fromagerie.maison-cardinet.com\/voiron\/wp-json\/wp\/v2\/product"}],"about":[{"href":"https:\/\/fromagerie.maison-cardinet.com\/voiron\/wp-json\/wp\/v2\/types\/product"}],"wp:featuredmedia":[{"embeddable":true,"href":"https:\/\/fromagerie.maison-cardinet.com\/voiron\/wp-json\/wp\/v2\/media\/176"}],"wp:attachment":[{"href":"https:\/\/fromagerie.maison-cardinet.com\/voiron\/wp-json\/wp\/v2\/media?parent=175"}],"wp:term":[{"taxonomy":"product_brand","embeddable":true,"href":"https:\/\/fromagerie.maison-cardinet.com\/voiron\/wp-json\/wp\/v2\/product_brand?post=175"},{"taxonomy":"product_cat","embeddable":true,"href":"https:\/\/fromagerie.maison-cardinet.com\/voiron\/wp-json\/wp\/v2\/product_cat?post=175"},{"taxonomy":"product_tag","embeddable":true,"href":"https:\/\/fromagerie.maison-cardinet.com\/voiron\/wp-json\/wp\/v2\/product_tag?post=175"}],"curies":[{"name":"wp","href":"https:\/\/api.w.org\/{rel}","templated":true}]}}